3. Let y be (-8)/(-6)*33/22. Calculate the greatest common factor of y and z.
1
Let l(m) = 6*m + 4. Suppose 3*u = -2*j + 18, 2*u - 22 = -2*j - 0*u. Suppose 4*x = -x + j. Let q be l(x). Calculate the highest common factor of q and 55.
11
Let k = -39 - -77. Let w be (1 + 0)/(3/9). Suppose 0 = 3*q + w*o - 225 + 48, 4*q - 220 = 4*o. What is the greatest common factor of q and k?
19
Suppose 0 = -4*v - 20, -3*a - 5*v + 363 = -368. Calculate the highest common divisor of 441 and a.
63
Suppose t + 37 = y - 7, -5*t - 25 = 0. What is the highest common divisor of 507 and y?
39
Suppose -68*y = -56*y - 1776. Calculate the highest common divisor of 74 and y.
74
Suppose -p = -g + 4, 3*p = -8*g + 3*g + 28. Suppose -2*a + 2*m + 4 = -18, -2*m - 61 = -5*a. What is the highest common factor of a and p?
1
Let o be (-1)/((-1)/(-3)) + -24 + 37. Calculate the highest common divisor of 640 and o.
10
Let o be (-6)/(-8) - 9153/(-36). Suppose -170 = -2*g - 4*k, -2*g = g + 4*k - o. What is the greatest common factor of g and 17?
17
Suppose 0 = 3*a + 5*u - 75, -32*a + 24 = -31*a + 2*u. Calculate the greatest common divisor of a and 130.
10
Suppose 137 = 3*t - 142. Let x = t + -45. What is the highest common divisor of 24 and x?
24
Let a = 4 + 1. Suppose s + 24 = a*s. Suppose x + 55 = 3*k + s*x, 5 = k - x. Calculate the greatest common factor of 20 and k.
10
Let s(o) = -20*o**2 + 112*o - 8. Let j be s(5). Calculate the highest common divisor of j and 91.
13
Let u = 9 + 3. Suppose 34 = -19*x - 42. Let o = u - x. What is the greatest common divisor of 80 and o?
16
Suppose 94*r + 60 = 100*r. Calculate the highest common divisor of 135 and r.
5
Suppose 0*z - 140 = -7*z. Calculate the greatest common factor of 60 and z.
20
Let j(x) = x**3 - 13*x**2 + 22*x - 98. Let f be j(12). What is the highest common factor of 704 and f?
22
Suppose -4690 = -5*l + 9685. Let q be 3/(-4) - l/(-20). What is the highest common divisor of q and 13?
13
Suppose -s = 3*w + 5 - 0, 0 = 5*s + 10. Let n be 6/(-7)*56/8*w. What is the greatest common divisor of n and 48?
6
Let b = -19 + 10. Let m = 21 + b. Suppose 0 = -5*r + 5*u + 20, -2*u = 3*r - 24 + 2. What is the highest common factor of m and r?
6
Let c = -364 + 629. Calculate the greatest common factor of 106 and c.
53
Let y be -1 + -2 + (0 - -150). Suppose 5*k + 66 + 89 = 0. Let b = 52 + k. What is the greatest common factor of y and b?
21
Let t = 611 - 239. Calculate the greatest common divisor of t and 12.
12
Let i(s) = -s**3 - 14*s**2 - s - 63. Let m be i(-15). Calculate the highest common divisor of 59 and m.
59
Suppose 7*j = 58 + 152. What is the highest common divisor of j and 100?
10
Let t(c) be the second derivative of 1/12*c**4 + 1/3*c**3 + 0 - 3/2*c**2 + 6*c. Let d be t(2). Calculate the greatest common factor of d and 10.
5
Let t = -1326 + 1345. Let x = 4 - 0. Suppose x*r - 285 = r. Calculate the highest common factor of r and t.
19
Suppose -10 = -s + 2*j, -2*j + 4 = 3*s - 2. Suppose -2*y + y - 4*f + 9 = 0, -141 = -s*y + 5*f. Calculate the highest common divisor of y and 29.
29
Let f(h) = 721*h**3 + 3*h**2 - 14*h + 12. Let k be f(1). Calculate the highest common divisor of k and 38.
38
Let n(b) = b - 13. Let d(s) = 3*s - 39. Let p(z) = -6*d(z) + 21*n(z). Let c be p(17). Calculate the highest common divisor of c and 4.
4
Let k(t) = -139*t + 3073. Let o be k(22). Let s(w) = -4*w**3 - 5*w**2 - 3*w + 3. Let d be s(-3). What is the highest common factor of o and d?
15
Suppose 4*s - 716 = 17*v - 22*v, 2*v - 284 = -s. Calculate the highest common divisor of v and 60.
20
Let u = -1342 - -1360. Calculate the greatest common divisor of 873 and u.
9
Suppose -3*r = 3*d - 180, -5*r = -2*d + 5*d - 308. What is the greatest common divisor of 224 and r?
32
Suppose 6*s - 7*s = -52. What is the greatest common divisor of s and 4?
4
Let g(n) = -89*n - 505. Let a be g(-14). Calculate the greatest common factor of 171 and a.
57
Let x be (-4 - 3)/(2/(-12)). Suppose 9*c = 5*c - 4. Let i be c/3 + 380/6. Calculate the highest common factor of x and i.
21
Let s(u) = 2*u**3 + 22*u**2 + 9*u + 16. Let c be s(-10). What is the greatest common factor of 28 and c?
14
Let t = -34 - -54. Suppose -5*u + 2 = -18. Suppose 687 - 127 = u*i. What is the greatest common factor of t and i?
20
Let z be (34/6)/((-1)/(-3)). Suppose 0 = l + 40 - 43. Let w = l + z. Calculate the greatest common factor of 220 and w.
20
Suppose 0 = 27*x - 1344 - 546. What is the greatest common divisor of 40 and x?
10
Suppose -12 = 4*k + 8, -3*k = -n + 70. Let j = n + -54. Calculate the highest common factor of j and 3.
1
Let h = 898 - 796. Suppose -3*a = -0*a - 51. What is the greatest common factor of h and a?
17
Let n(t) = 59*t**2 + 9*t - 25. Let x be n(5). Let z be 4/(-14) + x/161. Let i(u) = 45*u**3. Let p be i(1). Calculate the greatest common factor of z and p.
9
Suppose 1025*x + 270 = 1052*x. Suppose 4 + 468 = 3*r + 2*q, 2*r - 2*q = 328. Calculate the greatest common factor of r and x.
10
Let c be (468/(-65))/(2/(-5)). Calculate the highest common factor of 774 and c.
18
Suppose -2*w - 3*t = 19, t - 17 = 4*w - 0*t. Let d be 2 + w/(5/(-2)). Suppose o + d = -0*c - 2*c, 5*o + c = 7. Calculate the highest common factor of 22 and o.
2
Let p be ((-15)/5 - -2)*-718. Suppose 3*j + 190 = p. Calculate the greatest common divisor of j and 16.
16
Let j(r) = r**3 - 24*r**2 + 5*r - 102. Let p be j(24). Calculate the highest common factor of p and 69.
3
Let r = 1161 + -1138. Calculate the greatest common divisor of 161 and r.
23
Let x be 5/(-2)*(-168)/20. Let u = x + 9. Calculate the highest common divisor of 6 and u.
6
Let a = 10 - 9. Let b(z) = 18*z - 3. Let c be b(a). What is the highest common factor of 135 and c?
15
Let y(b) = -3*b**3 - 8*b**2 - 67*b - 517. Let s be y(-7). What is the highest common divisor of s and 19?
19
Let h(y) = y**2 + 18*y + 239. Let q be h(-16). Calculate the highest common divisor of q and 115.
23
Let o be 3 + 2 + -5 - (-16 + 1). Let z = -352 + 500. Let y = -73 + z. Calculate the greatest common divisor of o and y.
15
Let y be (13/(-3) + 3)/(4/(-132)). What is the highest common factor of y and 352?
44
Let a = 342 + -286. Suppose -2*n = -7 + 3. Suppose -1 = -m + n, -5*m + 57 = 3*o. Calculate the highest common divisor of o and a.
14
Let r be ((-22)/(-33))/((-10)/(-675)). Calculate the highest common factor of r and 20.
5
Let r be 7/(77/22)*3. Let a(c) = c**3 - 5*c**2 - 6*c + 2. Let l be a(6). What is the greatest common factor of r and l?
2
Let j(h) = h**2 + 10*h + 23. Let p be j(-7). Suppose 2 = p*l, 3*y - 14 = -3*l + 64. What is the greatest common divisor of y and 10?
5
Let r be (-74671)/(-267) - ((-15)/(-9) + -2). Calculate the greatest common divisor of 98 and r.
14
Let o be ((-12)/(-5))/(18/45). Let s = o + 0. Let p be 214/s - (-12)/(-18). Calculate the highest common divisor of p and 14.
7
Suppose 0 = -2*k + 4*x + 138, -2*k + 7*k - 4*x - 363 = 0. What is the greatest common divisor of 3 and k?
3
Let d be (12/14)/(18/126). Suppose -4*f = 2*v - 84, 0 = 2*v - d*v + 2*f + 148. Calculate the highest common divisor of 304 and v.
38
Suppose -5*o = -2*o - 192. Suppose 5*m = 13*m - o. Let a be 4*(-16)/(-2 - 0). What is the highest common divisor of a and m?
8
Let o be ((-62)/6 + 1)*-3. Suppose -127 = -4*n + 5*w, 9 + 6 = -5*w. What is the highest common divisor of o and n?
28
Let o be ((-20)/(-12) + -1)/(2/405). What is the greatest common factor of o and 27?
27
Let g be 11/2 + 2/(-4). Suppose 5*u - 4 - 7 = 2*d, -g*d + 13 = u. Suppose 3*v - d*v = 10. Calculate the highest common divisor of v and 80.
10
Suppose q - 6*v = -3*v + 26, 2*q - 4*v - 58 = 0. What is the highest common factor of 10 and q?
5
Suppose -5*u - 6 = -7*u. Suppose 110 + 10 = -u*h + 2*o, -3*h = 5*o + 99. Let l = 74 + h. What is the greatest common factor of l and 24?
12
Let d be (-26)/(-10) + 2/5. Suppose 0 = 3*v + 22 - 130. Suppose h + v = 3*o + 4*h, h = o - 12. Calculate the highest common divisor of o and d.
3
Suppose 3*c = c + 2. Let m be (-1 - 4)/((-1)/c). What is the highest common divisor of 1 and m?
1
Let g = -583 - -610. What is the greatest common factor of g and 333?
9
Suppose 0 = -54*b + 2284 - 394. Let n be ((-5)/3)/((-4)/12). Let m = n - -9. What is the highest common divisor of m and b?
7
Let p be 